{"version":"1.0","provider_name":"Digitales B\u00fcrgernetz","provider_url":"https:\/\/www.deutsche-glasfaser.de\/blog","author_name":"Deutsche Glasfaser","author_url":"https:\/\/www.deutsche-glasfaser.de\/blog\/author\/deutsche-glasfaser\/","title":"R\u00fcckkehr des Gruschelns? studiVZ ist zur\u00fcck. - Digitales B\u00fcrgernetz","type":"rich","width":600,"height":338,"html":"<blockquote class=\"wp-embedded-content\" data-secret=\"tVOpo2f1HB\"><a href=\"https:\/\/www.deutsche-glasfaser.de\/blog\/rueckkehr-des-gruschelns-studivz-ist-zurueck\/\">R\u00fcckkehr des Gruschelns? studiVZ ist zur\u00fcck.<\/a><\/blockquote><iframe sandbox=\"allow-scripts\" security=\"restricted\" src=\"https:\/\/www.deutsche-glasfaser.de\/blog\/rueckkehr-des-gruschelns-studivz-ist-zurueck\/embed\/#?secret=tVOpo2f1HB\" width=\"600\" height=\"338\" title=\"&#8222;R\u00fcckkehr des Gruschelns? studiVZ ist zur\u00fcck.&#8220; &#8211; Digitales B\u00fcrgernetz\" data-secret=\"tVOpo2f1HB\" frameborder=\"0\" marginwidth=\"0\" marginheight=\"0\" scrolling=\"no\" class=\"wp-embedded-content\"><\/iframe><script type=\"text\/javascript\">\n\/* <![CDATA[ *\/\n\/*! This file is auto-generated *\/\n!function(d,l){\"use strict\";l.querySelector&&d.addEventListener&&\"undefined\"!=typeof URL&&(d.wp=d.wp||{},d.wp.receiveEmbedMessage||(d.wp.receiveEmbedMessage=function(e){var t=e.data;if((t||t.secret||t.message||t.value)&&!\/[^a-zA-Z0-9]\/.test(t.secret)){for(var s,r,n,a=l.querySelectorAll('iframe[data-secret=\"'+t.secret+'\"]'),o=l.querySelectorAll('blockquote[data-secret=\"'+t.secret+'\"]'),c=new RegExp(\"^https?:$\",\"i\"),i=0;i<o.length;i++)o[i].style.display=\"none\";for(i=0;i<a.length;i++)s=a[i],e.source===s.contentWindow&&(s.removeAttribute(\"style\"),\"height\"===t.message?(1e3<(r=parseInt(t.value,10))?r=1e3:~~r<200&&(r=200),s.height=r):\"link\"===t.message&&(r=new URL(s.getAttribute(\"src\")),n=new URL(t.value),c.test(n.protocol))&&n.host===r.host&&l.activeElement===s&&(d.top.location.href=t.value))}},d.addEventListener(\"message\",d.wp.receiveEmbedMessage,!1),l.addEventListener(\"DOMContentLoaded\",function(){for(var e,t,s=l.querySelectorAll(\"iframe.wp-embedded-content\"),r=0;r<s.length;r++)(t=(e=s[r]).getAttribute(\"data-secret\"))||(t=Math.random().toString(36).substring(2,12),e.src+=\"#?secret=\"+t,e.setAttribute(\"data-secret\",t)),e.contentWindow.postMessage({message:\"ready\",secret:t},\"*\")},!1)))}(window,document);\n\/\/# sourceURL=https:\/\/www.deutsche-glasfaser.de\/blog\/wp-includes\/js\/wp-embed.min.js\n\/* ]]> *\/\n<\/script>\n","thumbnail_url":"https:\/\/www.deutsche-glasfaser.de\/blog\/wp-content\/uploads\/2021\/08\/Blog_Header_Gruscheln_CS.jpg","thumbnail_width":1500,"thumbnail_height":664,"description":"Es war im November 2005, als das soziale Netzwerk studiVZ begann, den deutschsprachigen Markt zu erobern. Das Vorbild war das erfolgreiche Unternehmen Facebook aus den USA, welches ein Jahr zuvor gegr\u00fcndet wurde. Allerdings war Facebook zu der Zeit noch rein [&hellip;]"}

Digitales Bürgernetz

Rückkehr des Gruschelns? studiVZ ist zurück. - Digitales Bürgernetz

<blockquote class="wp-embedded-content" data-secret="tVOpo2f1HB"><a href="https://www.deutsche-glasfaser.de/blog/rueckkehr-des-gruschelns-studivz-ist-zurueck/">Rückkehr des Gruschelns? studiVZ ist zurück.</a></blockquote><iframe sandbox="allow-scripts" security="restricted" src="https://www.deutsche-glasfaser.de/blog/rueckkehr-des-gruschelns-studivz-ist-zurueck/embed/#?secret=tVOpo2f1HB" width="600" height="338" title="&#8222;Rückkehr des Gruschelns? studiVZ ist zurück.&#8220; &#8211; Digitales Bürgernetz" data-secret="tVOpo2f1HB" frameborder="0" marginwidth="0" marginheight="0" scrolling="no" class="wp-embedded-content"></iframe><script type="text/javascript">
/* <![CDATA[ */
/*! This file is auto-generated */
!function(d,l){"use strict";l.querySelector&&d.addEventListener&&"undefined"!=typeof URL&&(d.wp=d.wp||{},d.wp.receiveEmbedMessage||(d.wp.receiveEmbedMessage=function(e){var t=e.data;if((t||t.secret||t.message||t.value)&&!/[^a-zA-Z0-9]/.test(t.secret)){for(var s,r,n,a=l.querySelectorAll('iframe[data-secret="'+t.secret+'"]'),o=l.querySelectorAll('blockquote[data-secret="'+t.secret+'"]'),c=new RegExp("^https?:$","i"),i=0;i<o.length;i++)o[i].style.display="none";for(i=0;i<a.length;i++)s=a[i],e.source===s.contentWindow&&(s.removeAttribute("style"),"height"===t.message?(1e3<(r=parseInt(t.value,10))?r=1e3:~~r<200&&(r=200),s.height=r):"link"===t.message&&(r=new URL(s.getAttribute("src")),n=new URL(t.value),c.test(n.protocol))&&n.host===r.host&&l.activeElement===s&&(d.top.location.href=t.value))}},d.addEventListener("message",d.wp.receiveEmbedMessage,!1),l.addEventListener("DOMContentLoaded",function(){for(var e,t,s=l.querySelectorAll("iframe.wp-embedded-content"),r=0;r<s.length;r++)(t=(e=s[r]).getAttribute("data-secret"))||(t=Math.random().toString(36).substring(2,12),e.src+="#?secret="+t,e.setAttribute("data-secret",t)),e.contentWindow.postMessage({message:"ready",secret:t},"*")},!1)))}(window,document);
//# sourceURL=https://www.deutsche-glasfaser.de/blog/wp-includes/js/wp-embed.min.js
/* ]]> */
</script>

Es war im November 2005, als das soziale Netzwerk studiVZ begann, den deutschsprachigen Markt zu erobern. Das Vorbild war das erfolgreiche Unternehmen Facebook aus den USA, welches ein Jahr zuvor gegründet wurde. Allerdings war Facebook zu der Zeit noch rein [&hellip;]
